 6 = -3. Let u be h/18 - (-6)/(-4). Calculate t(u).
-2
Let x(w) = 4*w**3 + w + 3. Let y be 4/26 - (-222)/78. Let o(j) = 3*j**3 + j**2 + j + 3. Let q(u) = y*o(u) - 2*x(u). Determine q(-3).
0
Let t = -170 + 113. Let b = t + 50. Let w(h) = h**3 + 8*h**2 + 7*h + 3. What is w(b)?
3
Let y(t) be the first derivative of -1/2*t**2 + 2*t - 2. Determine y(-5).
7
Let t(c) = 6*c + 2*c + 5*c**2 + 4*c + 5 - 6*c + c**2 + c**3. Let v = -1 - 3. Determine t(v).
13
Let o(m) be the third derivative of -m**5/15 - 7*m**4/12 - 83*m**2 + 4*m. Give o(-5).
-30
Let l(q) = -q**2 + 8*q - 1. Let p(v) = -21*v + 42*v - 24*v - v**3 + 2*v**3 + 5. Let s(t) = t**2 - 3*t - 2. Let x be s(4). Let g be p(x). Calculate l(g).
6
Suppose 12*x + 18 + 6 = 0. Let r(b) = -b**3 - b**2 + b. Calculate r(x).
2
Let m(g) be the second derivative of 13*g + 1/3*g**3 + g**2 + 0. Suppose p + 6 = -p. Give m(p).
-4
Let s(k) = -14*k**2 - 43*k + 21. Let g(a) = -17*a**2 - 53*a + 26. Let v(i) = 9*g(i) - 11*s(i). Calculate v(2).
-1
Let k(c) = -8*c**3 + 4*c + 3. Let r be k(-1). Let f(q) = r*q**2 - 2 - 8*q + 13*q**2 - 21*q**2 + 15. Give f(-9).
4
Let l(w) be the first derivative of w**3/3 + 5*w**2 + 10*w + 113. What is l(-10)?
10
Let w(u) be the second derivative of u**4/4 + 3*u**3 + 3*u**2 + 313*u + 2. Determine w(-6).
6
Let l(h) = -9*h**2 - 10*h - 16. Let u(d) = 8*d**2 + 11*d + 15. Let j(q) = 6*l(q) + 7*u(q). Let v be j(-8). Let t(z) = -4*z + 1. What is t(v)?
-3
Let y(c) = c**2 + 2*c. Let v be (18 - (-285)/(-19))*5/(-3). Give y(v).
15
Let t(b) = b**2 - b - 3. Let p(d) = -13*d**2 + 6*d + 2. Let x(c) = -10*c**2 + 6*c + 1. Let r(k) = -3*p(k) + 4*x(k). Let z = 15 - 10. Let w be r(z). Give t(w).
3
Let t(d) = -d**2. Let w(n) = -n**3 + 8*n**2 + 2*n - 2. Let z(x) = -4*t(x) - w(x). Let b = 15 - 11. Give z(b).
-6
Let a(l) be the third derivative of -l**4/24 - 11*l**3/6 - 51*l**2 + 2*l. What is a(11)?
-22
Let j(u) = -u**2 + 5*u + 2. Let p be j(6). Let i(m) = -2 + 5792*m + 5804*m - 11603*m + 0. Determine i(p).
26
Let t(q) be the third derivative of -q**6/15 + q**5/30 + q**4/8 - q**3/3 - 216*q**2. Determine t(2).
-52
Let v(j) = -j - 1. Let c = -35 + 36. Let n(b) = -9*b + 4. Let r(o) = c*n(o) + 2*v(o). Determine r(2).
-20
Let k(t) = -18*t - 6 - 27*t - 27*t + 70*t. Give k(-8).
10
Let j(c) = -135*c - 2*c**2 + 134*c - 8*c**2. Give j(-1).
-9
Let d be -2 + (-4 - -21)/(-1 - -2). Let i(f) = -f**2 + 16*f - 10. Give i(d).
5
Let v(w) be the third derivative of 1/12*w**4 - 13*w**2 + 0*w - 4/3*w**3 + 0. Give v(6).
4
Let q(m) = 9*m**3 + 8*m**2 - 24*m + 13. Let k(v) = -5*v**3 - 4*v**2 + 13*v - 7. Let x(g) = 7*k(g) + 4*q(g). What is x(-5)?
3
Let z(n) = 3. Let g(k) = -k. Let p be (-6)/(-4)*24/(-36). Let y be ((-2)/p - 1)*-4. Let o(l) = y*g(l) - z(l). Calculate o(2).
5
Let o be ((-3 - -6)/3)/1. Let s be 12/4 + (2 - o). Let r be s - (2 + (1 - 0)). Let i(p) = 2*p - 1. Determine i(r).
1
Let m = 10 - 10. Let o = m + 2. Let d(b) = -5*b + 1. Let r(z) = -9*z + 2. Let x(c) = 5*d(c) - 3*r(c). Give x(o).
3
Let g(l) = 3*l**2 + 3*l + 2. Let t be g(-1). Let p(b) = -b - 4*b**2 + 3*b**t - 9*b**3 - 3*b**3 + 14*b**3. What is p(2)?
10
Suppose 0 = -6*n + 18 + 6. Let i(u) = -2 + 6 + 2*u**2 - n*u - 5 + 3*u. Calculate i(3).
14
Let i(m) be the third derivative of -m**6/120 + 3*m**5/20 + m**4/2 + m**3/2 - 140*m**2. Determine i(10).
23
Let y(u) = u**3 + 4*u**2 - 82*u + 156*u + 7*u**3 - 2 - 76*u - 3*u**2. Give y(-2).
-58
Let l = 42 - 46. Let x(a) = a**3 + 4*a**2 + 3*a + 8. Let i be x(l). Let m(o) be the first derivative of -o**4/4 - 4*o**3/3 + o**2 + 2. What is m(i)?
-8
Let t(m) = 4*m - 2. Let b(f) = 5*f - 153. Let k be b(31). What is t(k)?
6
Let h(s) = 2*s + 40 - 23 - 4. Let i be 24/14 + (-6)/(-21). Let m(v) = -v - 6. Let l(y) = i*h(y) + 5*m(y). Give l(4).
-8
Let p(z) be the first derivative of 3/2*z**2 + z - 2/3*z**3 + 12. What is p(3)?
-8
Let r(w) = w + 1. Let t = -29 + 35. Let v be t/((-1)/1 - (-8)/(-16)). Calculate r(v).
-3
Let c(l) = l**3 + 5*l**2 + 3*l + 3. Let n be c(-5). Let r be (-55)/20 - (-3)/n. Let w(h) = -h**3 - 2*h**2 + 5*h + 4. Give w(r).
-2
Suppose x + 12 - 47 = 0. Let t = x - 28. Let d(q) = -q**3 + 6*q**2 + 6*q + 10. Determine d(t).
3
Let q(x) be the first derivative of x**5/120 - x**4/24 + x**3 - 6. Let r(w) be the third derivative of q(w). Let h be 6*-1 - 24/(-12). What is r(h)?
-5
Let c = 84 - 58. Suppose -2*n = -4*g - c, 5*g - 5*n + 25 = -10. Let r(f) = -f**3 - 5*f**2 + 4*f - 3. Give r(g).
9
Let q(s) = s**3 - s + 2*s - 3*s + 3 + s**2. Let l = -1225 + 1222. Determine q(l).
-9
Let w(h) be the third derivative of -h**9/60480 + h**8/5040 + h**7/840 + h**6/144 + 19*h**5/60 + 19*h**2. Let r(j) be the third derivative of w(j). Give r(5).
10
Suppose -3*s + 5 = 2*s, 2*s - 32 = 2*q. Let v be (-53)/4 + q/20. Let a be v/3 + (-9)/27. Let z(w) = -w - 5. What is z(a)?
0
Let j be 3/2*(-56)/12. Let n = j - -9. Let i(s) = 0 - 5 + 4 - 6*s + s**n. What is i(6)?
-1
Suppose 6 = i - 4*i, 4*p - 2 = -3*i. Let f(t) be the first derivative of -3*t**p + 0*t + 5 + 2/3*t**3. Give f(4).
8
Let p be -1*(1/(-1) + 3) - -1. Let b be (-2)/(-4)*(-4 + -2). Let c = b + p. Let m(k) = -k**2 - 4*k + 4. Determine m(c).
4
Suppose 7*t - 104 = 71. Let a(c) = -c**2 + 23*c + 45. Let r be a(t). Let u(d) = -5 + 4 + d**2 + 4*d + d. What is u(r)?
-1
Let w(y) = y**2 - 2*y - 3. Let h = 625 - 628. Give w(h).
12
Suppose -8*b + 12 = -4*b. Let d(v) be the first derivative of -3*v - v**2 - 4*v + 4 + b. Determine d(-7).
7
Let w(j) = j**2 - 7*j + 13. Let z = -77 + 83. Give w(z).
7
Let s = 21 + 31. Let a = -47 + s. Let r(p) = -p**2 + 5*p - 7. Determine r(a).
-7
Let c be 7 - (4 - 6/2). Let j(i) = -2*i - 3. Let f(q) = -6*q - 17. Let t(m) = -f(m) + 4*j(m). Calculate t(c).
-7
Let q(d) = -4*d + 4. Let i(x) = -21*x + 22. Let k(z) = -2*i(z) + 11*q(z). Calculate k(8).
-16
Let w(x) = x - 5. Let z(q) = 3*q - 9. Let k(s) = 7*w(s) - 4*z(s). Suppose 0*m + 10 = 5*m. Suppose m = -n + 3. Give k(n).
-4
Let k(o) be the third derivative of -6*o**2 + 1/120*o**6 + 0*o + 1/10*o**5 + 0 - 2/3*o**3 - 1/3*o**4. Determine k(-7).
3
Let r(v) = -v**2 + v + 2. Let l(u) = 4*u**2 - 4*u - 8. Let d(g) = l(g) + 3*r(g). Determine d(3).
4
Let d(j) = -j**2 + 5. Suppose 2*y - 1 = -5. Let i(h) = -4*h - 3. Let g be i(y). Suppose -g*p + 4*b + 12 = 0, 0 = -p + 2*b - 0*b + 6. Determine d(p).
5
Suppose 12 = -2*m + 14. Let c(y) = 0*y + 2*y - 6*y. Determine c(m).
-4
Let u be 0*(88/(-12) - -7). Let n(b) be the third derivative of -b**5/60 - b**4/24 - b**3/3 + 2*b**2. Calculate n(u).
-2
Let r(j) be the first derivative of 5*j**2/2 + 34*j + 161. Give r(-6).
4
Let m(n) = -2 + 2 - n**2 + 2*n + 3. Let g(r) = 3*r + 0 - 6*r - 1 + 17. Let t be g(6). Calculate m(t).
-5
Let u(k) = -k**2 - 2*k - 1. Let y(f) = f**2 + 2*f + 6. Let l(m) = 1. Let w(v) = -3*l(v) + y(v). Let b(d) = -3*u(d) - 2*w(d). What is b(3)?
12
Let o(m) = m**3 + 17*m**2 - 58*m + 49. Let r be o(-20). Let w(t) = -t + 2. Give w(r).
-7
Let c(g) be the third derivative of g**4/12 - 5*g**3/6 - 2*g**2. Suppose 0 = -4*b - 4 + 28. Calculate c(b).
7
Let g = -9 + 9. Let t be -9 + -1 + -1 + g + 1. Let o(p) = p + 15. Calculate o(t).
5
Let r(j) = 7*j**3 + 20*j**2 + 48*j + 12. Let z(v) = -3*v**3 - 10*v**2 - 21*v - 6. Let l(g) = 2*r(g) + 5*z(g). Give l(-9).
-6
Suppose -3*a + 2*a = 4*l - 34, 5*l - 53 = 4*a. Let s(c) = -2*c - 1 + 3*c - l*c**3 + 0. Suppose -d - 6 = -5*m, 5*m = -4*d + 3 - 2. What is s(m)?
-9
Suppose 1 - 4 = w. Let t(q) = q**2 - q + 1. Let s(b) = b**2 - b + 1. Let u(z) = w*s(z) + 4*t(z). What is u(1)?
1
Let p(o) be the third derivative of -o**8/1440 + o**6/720 + o**5/5 - 5*o**2. Let c(h) be the third derivative of p(h). Determine c(1).
-13
Let w(g) = 3*g**2 - 2*g - 2. Let t be w(2). Let h(z) = -12*z - 15*z + 3 + z**3 + t*z**2 + 28*z. Determine h(-6).
-3
Let q(s) = 7 - 6*s**2 - 3*s - 1 + 7*s + s**3. Suppose -6*o + 2*o - 9 = -29. Give q(o).
1
Suppose 50*f - 128 = 58*f. Let o(b) = -b - 28. Calculate o(f).
-12
Let j(k) = -k**3 - 4*k**2 - 2*k + 4. Suppose 278*c - 293*c = 60. What is j(c)?
12
Let d(q) = -q + 1. Let u be d(-6). Let f(k) = -k**2 + 6*k - 5. Determine f(u).
-12
Let m = 5 + -2. Suppose -6*b = -m*b - 15. Suppose -a + 0*y = 2*y, -2*y - 24 = -b*a. Let u(r) = -r**2 + 4*r - 6. Calculate u(a).
-6
Let x(h) = 11 + 6*h**2 + 10 - 29 + 3*h + 9 + h**3. What is x(-4)?
21
Suppose 5*q - 81 = -61. Let b(n) 